{"id":60,"date":"2020-03-20T16:40:50","date_gmt":"2020-03-20T16:40:50","guid":{"rendered":"https:\/\/hochzeits-kutschen.ch\/?page_id=60"},"modified":"2020-03-29T16:04:51","modified_gmt":"2020-03-29T16:04:51","slug":"unsere-kutschen","status":"publish","type":"page","link":"https:\/\/hochzeits-kutschen.ch\/index.php\/unsere-kutschen\/","title":{"rendered":"Unsere Hochzeitskutsche"},"content":{"rendered":"\n<figure class=\"wp-block-image size-large\"><img loading=\"lazy\" decoding=\"async\" width=\"1024\" height=\"683\" src=\"https:\/\/hochzeits-kutschen.ch\/wp-content\/uploads\/2020\/03\/Jubil\u00e4um-1-1024x683.jpg\" alt=\"\" class=\"wp-image-68\" srcset=\"https:\/\/hochzeits-kutschen.ch\/wp-content\/uploads\/2020\/03\/Jubil\u00e4um-1-1024x683.jpg 1024w, https:\/\/hochzeits-kutschen.ch\/wp-content\/uploads\/2020\/03\/Jubil\u00e4um-1-300x200.jpg 300w, https:\/\/hochzeits-kutschen.ch\/wp-content\/uploads\/2020\/03\/Jubil\u00e4um-1-768x512.jpg 768w, https:\/\/hochzeits-kutschen.ch\/wp-content\/uploads\/2020\/03\/Jubil\u00e4um-1-1536x1024.jpg 1536w, https:\/\/hochzeits-kutschen.ch\/wp-content\/uploads\/2020\/03\/Jubil\u00e4um-1-2048x1365.jpg 2048w, https:\/\/hochzeits-kutschen.ch\/wp-content\/uploads\/2020\/03\/Jubil\u00e4um-1-1200x800.jpg 1200w, https:\/\/hochzeits-kutschen.ch\/wp-content\/uploads\/2020\/03\/Jubil\u00e4um-1-1980x1320.jpg 1980w\" sizes=\"auto, (max-width: 767px) 89vw, (max-width: 1000px) 54vw, (max-width: 1071px) 543px, 580px\" \/><figcaption> Glaslandauer offen mit Blumenschmuck, 2-sp\u00e4nnig mit Friesenhengsten<\/figcaption><\/figure>\n\n\n\n<p class=\"has-small-font-size\">Unser Glaslandauer mit Platz f\u00fcr 4 Personen ist ein im original Zustand gehaltener ca. 150 j\u00e4hrige st\u00e4dtischer Landauer mit einer Glasfront. Bei sch\u00f6nem Wetter kann das Verdeck wie bei einem Cabrio heruntergeklappt werden. Bei Regen bleibt das Verdeck geschlossen und die Passagiere werden nicht nass. <\/p>\n\n\n\n<figure class=\"wp-block-image size-large\"><img loading=\"lazy\" decoding=\"async\" width=\"478\" height=\"638\" src=\"https:\/\/hochzeits-kutschen.ch\/wp-content\/uploads\/2020\/03\/Rorschacherberg-Bodensee-kl-Gr1.jpg\" alt=\"\" class=\"wp-image-64\" srcset=\"https:\/\/hochzeits-kutschen.ch\/wp-content\/uploads\/2020\/03\/Rorschacherberg-Bodensee-kl-Gr1.jpg 478w, https:\/\/hochzeits-kutschen.ch\/wp-content\/uploads\/2020\/03\/Rorschacherberg-Bodensee-kl-Gr1-225x300.jpg 225w\" sizes=\"auto, (max-width: 478px) 100vw, 478px\" \/><figcaption>Glaslandauer geschlossen<\/figcaption><\/figure>\n\n\n\n<figure class=\"wp-block-image size-large\"><img loading=\"lazy\" decoding=\"async\" width=\"478\" height=\"638\" src=\"https:\/\/hochzeits-kutschen.ch\/wp-content\/uploads\/2020\/03\/Chall-Rechts-kl-Gr.jpg\" alt=\"\" class=\"wp-image-65\" srcset=\"https:\/\/hochzeits-kutschen.ch\/wp-content\/uploads\/2020\/03\/Chall-Rechts-kl-Gr.jpg 478w, https:\/\/hochzeits-kutschen.ch\/wp-content\/uploads\/2020\/03\/Chall-Rechts-kl-Gr-225x300.jpg 225w\" sizes=\"auto, (max-width: 478px) 100vw, 478px\" \/><figcaption>Glaslandauer offen<\/figcaption><\/figure>\n\n\n\n<figure class=\"wp-block-image size-large\"><img loading=\"lazy\" decoding=\"async\" width=\"478\" height=\"638\" src=\"https:\/\/hochzeits-kutschen.ch\/wp-content\/uploads\/2020\/03\/Chall-3-Links-kl-Gr.jpg\" alt=\"\" class=\"wp-image-66\" srcset=\"https:\/\/hochzeits-kutschen.ch\/wp-content\/uploads\/2020\/03\/Chall-3-Links-kl-Gr.jpg 478w, https:\/\/hochzeits-kutschen.ch\/wp-content\/uploads\/2020\/03\/Chall-3-Links-kl-Gr-225x300.jpg 225w\" sizes=\"auto, (max-width: 478px) 100vw, 478px\" \/><figcaption>Glaslandauer offen<\/figcaption><\/figure>\n\n\n\n<p><\/p>\n","protected":false},"excerpt":{"rendered":"<p>Unser Glaslandauer mit Platz f\u00fcr 4 Personen ist ein im original Zustand gehaltener ca. 150 j\u00e4hrige st\u00e4dtischer Landauer mit einer Glasfront. Bei sch\u00f6nem Wetter kann das Verdeck wie bei einem Cabrio heruntergeklappt werden. Bei Regen bleibt das Verdeck geschlossen und die Passagiere werden nicht nass.<\/p>\n","protected":false},"author":1,"featured_media":0,"parent":0,"menu_order":200,"comment_status":"closed","ping_status":"closed","template":"","meta":{"footnotes":""},"class_list":["post-60","page","type-page","status-publish","hentry"],"_links":{"self":[{"href":"https:\/\/hochzeits-kutschen.ch\/index.php\/wp-json\/wp\/v2\/pages\/60","targetHints":{"allow":["GET"]}}],"collection":[{"href":"https:\/\/hochzeits-kutschen.ch\/index.php\/wp-json\/wp\/v2\/pages"}],"about":[{"href":"https:\/\/hochzeits-kutschen.ch\/index.php\/wp-json\/wp\/v2\/types\/page"}],"author":[{"embeddable":true,"href":"https:\/\/hochzeits-kutschen.ch\/index.php\/wp-json\/wp\/v2\/users\/1"}],"replies":[{"embeddable":true,"href":"https:\/\/hochzeits-kutschen.ch\/index.php\/wp-json\/wp\/v2\/comments?post=60"}],"version-history":[{"count":4,"href":"https:\/\/hochzeits-kutschen.ch\/index.php\/wp-json\/wp\/v2\/pages\/60\/revisions"}],"predecessor-version":[{"id":129,"href":"https:\/\/hochzeits-kutschen.ch\/index.php\/wp-json\/wp\/v2\/pages\/60\/revisions\/129"}],"wp:attachment":[{"href":"https:\/\/hochzeits-kutschen.ch\/index.php\/wp-json\/wp\/v2\/media?parent=60"}],"curies":[{"name":"wp","href":"https:\/\/api.w.org\/{rel}","templated":true}]}}

<figure class="wp-block-image size-large"><img loading="lazy" decoding="async" width="1024" height="683" src="https://hochzeits-kutschen.ch/wp-content/uploads/2020/03/Jubiläum-1-1024x683.jpg" alt="" class="wp-image-68" srcset="https://hochzeits-kutschen.ch/wp-content/uploads/2020/03/Jubiläum-1-1024x683.jpg 1024w, https://hochzeits-kutschen.ch/wp-content/uploads/2020/03/Jubiläum-1-300x200.jpg 300w, https://hochzeits-kutschen.ch/wp-content/uploads/2020/03/Jubiläum-1-768x512.jpg 768w, https://hochzeits-kutschen.ch/wp-content/uploads/2020/03/Jubiläum-1-1536x1024.jpg 1536w, https://hochzeits-kutschen.ch/wp-content/uploads/2020/03/Jubiläum-1-2048x1365.jpg 2048w, https://hochzeits-kutschen.ch/wp-content/uploads/2020/03/Jubiläum-1-1200x800.jpg 1200w, https://hochzeits-kutschen.ch/wp-content/uploads/2020/03/Jubiläum-1-1980x1320.jpg 1980w" sizes="auto, (max-width: 767px) 89vw, (max-width: 1000px) 54vw, (max-width: 1071px) 543px, 580px" /><figcaption> Glaslandauer offen mit Blumenschmuck, 2-spännig mit Friesenhengsten</figcaption></figure>



<p class="has-small-font-size">Unser Glaslandauer mit Platz für 4 Personen ist ein im original Zustand gehaltener ca. 150 jährige städtischer Landauer mit einer Glasfront. Bei schönem Wetter kann das Verdeck wie bei einem Cabrio heruntergeklappt werden. Bei Regen bleibt das Verdeck geschlossen und die Passagiere werden nicht nass. </p>



<figure class="wp-block-image size-large"><img loading="lazy" decoding="async" width="478" height="638" src="https://hochzeits-kutschen.ch/wp-content/uploads/2020/03/Rorschacherberg-Bodensee-kl-Gr1.jpg" alt="" class="wp-image-64" srcset="https://hochzeits-kutschen.ch/wp-content/uploads/2020/03/Rorschacherberg-Bodensee-kl-Gr1.jpg 478w, https://hochzeits-kutschen.ch/wp-content/uploads/2020/03/Rorschacherberg-Bodensee-kl-Gr1-225x300.jpg 225w" sizes="auto, (max-width: 478px) 100vw, 478px" /><figcaption>Glaslandauer geschlossen</figcaption></figure>



<figure class="wp-block-image size-large"><img loading="lazy" decoding="async" width="478" height="638" src="https://hochzeits-kutschen.ch/wp-content/uploads/2020/03/Chall-Rechts-kl-Gr.jpg" alt="" class="wp-image-65" srcset="https://hochzeits-kutschen.ch/wp-content/uploads/2020/03/Chall-Rechts-kl-Gr.jpg 478w, https://hochzeits-kutschen.ch/wp-content/uploads/2020/03/Chall-Rechts-kl-Gr-225x300.jpg 225w" sizes="auto, (max-width: 478px) 100vw, 478px" /><figcaption>Glaslandauer offen</figcaption></figure>



<figure class="wp-block-image size-large"><img loading="lazy" decoding="async" width="478" height="638" src="https://hochzeits-kutschen.ch/wp-content/uploads/2020/03/Chall-3-Links-kl-Gr.jpg" alt="" class="wp-image-66" srcset="https://hochzeits-kutschen.ch/wp-content/uploads/2020/03/Chall-3-Links-kl-Gr.jpg 478w, https://hochzeits-kutschen.ch/wp-content/uploads/2020/03/Chall-3-Links-kl-Gr-225x300.jpg 225w" sizes="auto, (max-width: 478px) 100vw, 478px" /><figcaption>Glaslandauer offen</figcaption></figure>



<p></p>

<p>Unser Glaslandauer mit Platz für 4 Personen ist ein im original Zustand gehaltener ca. 150 jährige städtischer Landauer mit einer Glasfront. Bei schönem Wetter kann das Verdeck wie bei einem Cabrio heruntergeklappt werden. Bei Regen bleibt das Verdeck geschlossen und die Passagiere werden nicht nass.</p>
